lculate the highest common factor of 9729282 and 1128.
282
Calculate the highest common divisor of 962048 and 15159772.
7516
Calculate the highest common divisor of 865229 and 165545.
293
What is the greatest common divisor of 4492440 and 27720?
360
Calculate the highest common divisor of 60196 and 46561.
101
What is the highest common factor of 89480 and 1227680?
40
Calculate the greatest common divisor of 4130 and 1820386.
118
Calculate the greatest common factor of 3330 and 80685.
45
Calculate the highest common factor of 74 and 1202116051.
37
Calculate the greatest common factor of 8 and 1472508.
4
Calculate the greatest common divisor of 2850 and 2003410.
10
Calculate the greatest common divisor of 379888336 and 10524.
3508
What is the greatest common factor of 65415 and 84476?
49
Calculate the greatest common factor of 289594 and 3422.
58
Calculate the highest common divisor of 1661 and 36294511.
1661
Calculate the highest common divisor of 17322956 and 6808.
3404
Calculate the greatest common divisor of 953304 and 176939.
3611
What is the highest common divisor of 2130 and 21577326?
426
Calculate the highest common divisor of 141 and 5279228.
47
Calculate the highest common divisor of 152 and 14366869.
19
What is the highest common factor of 378280311 and 51?
51
What is the highest common factor of 158 and 8756?
2
Calculate the highest common divisor of 2405 and 19525825.
185
What is the highest common divisor of 11626765 and 285?
95
What is the highest common divisor of 284872 and 112?
56
Calculate the greatest common factor of 5285494 and 201838.
2218
What is the greatest common divisor of 1617 and 3261783?
147
Calculate the highest common divisor of 196471635 and 85.
85
What is the highest common factor of 5430 and 23461220?
1810
What is the greatest common divisor of 6850 and 1308898?
274
Calculate the greatest common factor of 8491740 and 10.
10
Calculate the greatest common divisor of 12457577 and 242.
11
What is the highest common factor of 267817483 and 19?
19
Calculate the highest common factor of 992 and 81042272.
32
What is the highest common factor of 1753864 and 616?
56
Calculate the greatest common divisor of 26 and 16627.
13
What is the greatest common factor of 149938102 and 16746?
5582
Calculate the highest common divisor of 1046 and 12598547.
523
Calculate the highest common divisor of 266136 and 42744.
312
What is the greatest common factor of 15200 and 7861288?
152
What is the greatest common factor of 71027 and 542975?
587
What is the greatest common factor of 19382382 and 35670?
174
Calculate the highest common factor of 562827424 and 18912.
6304
Calculate the highest common divisor of 2301156 and 9636.
132
What is the highest common factor of 119612 and 1201?
1
Calculate the greatest common divisor of 388050 and 23610.
30
Calculate the highest common factor of 398 and 11708165.
199
Calculate the highest common factor of 320 and 8583080.
40
Calculate the highest common divisor of 1080 and 11652840.
360
What is the greatest common factor of 3040 and 21012955?
95
What is the greatest common factor of 41454 and 122220210?
13818
Calculate the greatest common divisor of 198450 and 7228725.
3675
What is the greatest common factor of 346 and 1893737234?
346
Calculate the greatest common divisor of 79 and 3193733.
79
What is the greatest common divisor of 2498 and 413971058?
2498
Calculate the greatest common divisor of 182 and 1690682.
14
Calculate the greatest common divisor of 1510880 and 110656.
4256
Calculate the greatest common divisor of 12135 and 1535995715.
4045
Calculate the highest common factor of 124159900 and 564.
188
What is the greatest common factor of 29 and 33279?
1
Calculate the highest common divisor of 397 and 276550597.
397
What is the highest common divisor of 4398 and 5103146?
1466
Calculate the highest common divisor of 1218312 and 152316.
36
What is the highest common divisor of 297552 and 6864?
48
Calculate the greatest common divisor of 8904044 and 12.
4
What is the greatest common factor of 3948035 and 2093?
91
Calculate the highest common divisor of 3142230 and 412230.
2730
Calculate the highest common divisor of 7361 and 8537028.
433
What is the greatest common factor of 3347880 and 21480?
120
What is the greatest common factor of 75 and 47103900?
75
What is the greatest common divisor of 91733405 and 50697?
5633
Calculate the greatest common factor of 22351009 and 23.
23
What is the greatest common factor of 420 and 65740710?
210
Calculate the highest common divisor of 1452167 and 8476.
163
What is the greatest common factor of 724 and 2570562?
362
Calculate the greatest common factor of 3747059 and 1367717.
8093
What is the greatest common factor of 399874 and 91086?
646
Calculate the greatest common factor of 357 and 3431841.
357
Calculate the highest common factor of 980670705 and 105.
105
What is the greatest common factor of 532 and 2657704?
28
Calculate the greatest common factor of 340 and 186494148.
68
Calculate the highest common factor of 16867193 and 70091.
4123
What is the highest common divisor of 3451 and 1386724?
17
What is the highest common divisor of 142 and 9606442?
142
What is the highest common divisor of 27499559 and 1081?
1081
What is the greatest common divisor of 4818 and 177171?
219
What is the highest common factor of 249825 and 2100?
75
Calculate the greatest common factor of 119 and 111867154.
7
What is the highest common divisor of 4105354 and 1386?
22
Calculate the highest common divisor of 22488028 and 44.
4
Calculate the greatest common divisor of 962832 and 28344.
24
Calculate the highest common divisor of 11189 and 1392112.
167
Calculate the greatest common divisor of 3830498 and 118577.
419
What is the highest common divisor of 24288 and 15744?
96
Calculate the greatest common divisor of 320423710 and 5680.
710
What is the greatest common factor of 299 and 285584?
13
Calculate the greatest common divisor of 129002 and 250.
2
Calculate the greatest common factor of 13002444 and 122499.
351
Calculate the greatest common factor of 244 and 479316894.
122
Calculate the greatest common divisor of 438 and 128945886.
438
Calculate the highest common factor of 848 and 4808584.
424
Calculate the highest common divisor of 612 and 357153.
51
Calculate the highest common divisor of 7 and 71896524.
7
Calculate the greatest common divisor of 53790 and 6021220.
1630
What is the highest common factor of 5129 and 12701411?
223
What is the greatest common divisor of 33693189 and 590?
59
What is the greatest common divisor of 118 and 4144750?
118
Calculate the greatest common divisor of 5325 and 1704713550.
5325
What is the greatest common factor of 411180 and 3297910?
770
Calculate the highest common factor of 75 and 2420115.
15
What is the greatest common divisor of 60429 and 3873?
3
Calculate the greatest common divisor of 1 and 29267450.
1
Calculate the highest common factor of 78938002 and 2574.
286
What is the greatest common factor of 11884 and 157471913?
2971
What is the greatest common factor of 2885440 and 224?
32
Calculate the highest common factor of 8218104 and 144.
24
What is the highest common factor of 4552068 and 1242?
138
Calculate the highest common factor of 2473550 and 441995.
4055
What is the highest common factor of 6201 and 105651?
117
Calculate the greatest common factor of 1104 and 13296783.
69
Calculate the greatest common factor of 391650 and 137550.
1050
Calculate the highest common divisor of 896391672 and 528.
264
Calculate the greatest common factor of 485147030 and 1220.
610
Calculate the greatest common factor of 10 and 1356958.
2
Calculate the greatest common factor of 418943568 and 1137.
1137
What is the highest common factor of 518 and 84645988?
14
Calculate the greatest common factor of 7611 and 438429.
177
What is the greatest common divisor of 3105 and 14347170?
1035
Calculate the highest common divisor of 9760 and 1628700.
1220
What is the greatest common factor of 161838 and 2014227?
2187
Calculate the greatest common divisor of 860467328 and 118.
118
What is the highest common divisor of 21119670 and 39?
39
What is the highest common divisor of 252958 and 36669304?
3202
Calculate the greatest common divisor of 3179 and 67670419